{"id":65,"date":"2019-09-05T09:09:58","date_gmt":"2019-09-05T09:09:58","guid":{"rendered":"http:\/\/test.laborsl.de\/?page_id=65"},"modified":"2021-03-06T12:06:11","modified_gmt":"2021-03-06T12:06:11","slug":"dienstleistungen","status":"publish","type":"page","link":"https:\/\/www.laborsl.de\/?page_id=65","title":{"rendered":"Dienstleistungen"},"content":{"rendered":"<p>[et_pb_section fb_built=&#8220;1&#8243; fullwidth=&#8220;on&#8220; admin_label=&#8220;Page Header&#8220; _builder_version=&#8220;3.22&#8243; background_image=&#8220;http:\/\/test.laborsl.de\/wp-content\/uploads\/2019\/09\/business-08.jpg&#8220; parallax=&#8220;on&#8220;][et_pb_fullwidth_header title=&#8220;Dienstleistungen&#8220; text_orientation=&#8220;center&#8220; admin_label=&#8220;Hero Section&#8220; _builder_version=&#8220;3.29.3&#8243; title_font=&#8220;Montserrat|on|||&#8220; title_font_size=&#8220;60px&#8220; title_line_height=&#8220;1.4em&#8220; content_font_size=&#8220;22px&#8220; content_line_height=&#8220;1.8em&#8220; subhead_font=&#8220;||||&#8220; background_color=&#8220;rgba(255, 255, 255, 0)&#8220; custom_button_one=&#8220;on&#8220; button_one_text_size=&#8220;16px&#8220; button_one_bg_color=&#8220;#6eba01&#8243; button_one_border_width=&#8220;2px&#8220; button_one_border_color=&#8220;#6eba01&#8243; button_one_border_radius=&#8220;0&#8243; button_one_letter_spacing=&#8220;2&#8243; button_one_font=&#8220;Montserrat|||on|&#8220; button_one_use_icon=&#8220;off&#8220; custom_button_two=&#8220;on&#8220; button_two_text_size=&#8220;16px&#8220; button_two_border_width=&#8220;2px&#8220; button_two_border_color=&#8220;#ffffff&#8220; button_two_border_radius=&#8220;0&#8243; button_two_letter_spacing=&#8220;2&#8243; button_two_font=&#8220;Montserrat|||on|&#8220; button_two_use_icon=&#8220;off&#8220; module_alignment=&#8220;left&#8220; button_one_text_color_hover=&#8220;#6eba01&#8243; button_two_text_color_hover=&#8220;#6eba01&#8243; button_one_border_color_hover=&#8220;#ffffff&#8220; button_two_border_color_hover=&#8220;#ffffff&#8220; button_one_border_radius_hover=&#8220;0&#8243; button_two_border_radius_hover=&#8220;0&#8243; button_one_letter_spacing_hover=&#8220;2&#8243; button_two_letter_spacing_hover=&#8220;2&#8243; button_one_bg_color_hover=&#8220;#ffffff&#8220; button_two_bg_color_hover=&#8220;#ffffff&#8220; button_one_text_size__hover_enabled=&#8220;off&#8220; button_two_text_size__hover_enabled=&#8220;off&#8220; button_one_text_color__hover_enabled=&#8220;on&#8220; button_one_text_color__hover=&#8220;#6eba01&#8243; button_two_text_color__hover_enabled=&#8220;on&#8220; button_two_text_color__hover=&#8220;#6eba01&#8243; button_one_border_width__hover_enabled=&#8220;off&#8220; button_two_border_width__hover_enabled=&#8220;off&#8220; button_one_border_color__hover_enabled=&#8220;on&#8220; button_one_border_color__hover=&#8220;#ffffff&#8220; button_two_border_color__hover_enabled=&#8220;on&#8220; button_two_border_color__hover=&#8220;#ffffff&#8220; button_one_border_radius__hover_enabled=&#8220;on&#8220; button_one_border_radius__hover=&#8220;0&#8243; button_two_border_radius__hover_enabled=&#8220;on&#8220; button_two_border_radius__hover=&#8220;0&#8243; button_one_letter_spacing__hover_enabled=&#8220;on&#8220; button_one_letter_spacing__hover=&#8220;2&#8243; button_two_letter_spacing__hover_enabled=&#8220;on&#8220; button_two_letter_spacing__hover=&#8220;2&#8243; button_one_bg_color__hover_enabled=&#8220;on&#8220; button_one_bg_color__hover=&#8220;#ffffff&#8220; button_two_bg_color__hover_enabled=&#8220;on&#8220; button_two_bg_color__hover=&#8220;#ffffff&#8220;][\/et_pb_fullwidth_header][\/et_pb_section][et_pb_section fb_built=&#8220;1&#8243; admin_label=&#8220;Split Section&#8220; _builder_version=&#8220;4.4.6&#8243; custom_padding=&#8220;0px||0px|&#8220; animation_style=&#8220;fold&#8220; animation_direction=&#8220;bottom&#8220; animation_intensity_fold=&#8220;4%&#8220;][et_pb_row column_structure=&#8220;1_2,1_2&#8243; use_custom_gutter=&#8220;on&#8220; gutter_width=&#8220;1&#8243; make_equal=&#8220;on&#8220; module_class=&#8220; et_pb_row_fullwidth&#8220; _builder_version=&#8220;4.4.6&#8243; background_size=&#8220;initial&#8220; background_position=&#8220;top_left&#8220; background_repeat=&#8220;repeat&#8220; width=&#8220;100%&#8220; width_tablet=&#8220;100%&#8220; width_phone=&#8220;&#8220; width_last_edited=&#8220;on|desktop&#8220; max_width=&#8220;100%&#8220; max_width_tablet=&#8220;100%&#8220; max_width_phone=&#8220;&#8220; max_width_last_edited=&#8220;on|desktop&#8220; custom_margin=&#8220;0px||0px|&#8220; custom_padding=&#8220;0px||0px|&#8220; animation_style=&#8220;flip&#8220; animation_direction=&#8220;right&#8220; animation_intensity_flip=&#8220;20%&#8220; make_fullwidth=&#8220;on&#8220;][et_pb_column type=&#8220;1_2&#8243; _builder_version=&#8220;4.4.6&#8243; use_background_color_gradient=&#8220;on&#8220; background_image=&#8220;http:\/\/test.laborsl.de\/wp-content\/uploads\/2020\/05\/LSL_Collage_02.jpg&#8220; background_position=&#8220;top_left&#8220; custom_padding=&#8220;|||&#8220; custom_padding__hover=&#8220;|||&#8220;][\/et_pb_column][et_pb_column type=&#8220;1_2&#8243; _builder_version=&#8220;3.29.3&#8243; background_position=&#8220;top_left&#8220; custom_padding=&#8220;5%|5%|5%|5%|false|false&#8220; custom_padding__hover=&#8220;|||&#8220;][et_pb_cta button_url=&#8220;#&#8220; admin_label=&#8220;Feature 01&#8243; _builder_version=&#8220;3.29.3&#8243; header_font=&#8220;Montserrat||||&#8220; header_text_color=&#8220;#1f1f1f&#8220; header_font_size=&#8220;36&#8243; header_line_height=&#8220;1.4em&#8220; body_font_size=&#8220;16&#8243; body_line_height=&#8220;1.9em&#8220; use_background_color=&#8220;off&#8220; custom_button=&#8220;on&#8220; button_text_size=&#8220;18&#8243; button_text_color=&#8220;#ffffff&#8220; button_bg_color=&#8220;#6eba01&#8243; button_border_color=&#8220;#6eba01&#8243; button_border_radius=&#8220;0&#8243; button_letter_spacing=&#8220;2&#8243; button_font=&#8220;Montserrat|||on|&#8220; button_use_icon=&#8220;off&#8220; text_orientation=&#8220;left&#8220; background_layout=&#8220;light&#8220; max_width=&#8220;651px&#8220; module_alignment=&#8220;left&#8220; custom_margin=&#8220;|||&#8220; custom_padding=&#8220;|0px||||&#8220; animation_style=&#8220;fold&#8220; animation_direction=&#8220;bottom&#8220; animation_intensity_fold=&#8220;15%&#8220; button_text_color_hover=&#8220;#6eba01&#8243; button_border_color_hover=&#8220;#6eba01&#8243; button_border_radius_hover=&#8220;0&#8243; button_letter_spacing_hover=&#8220;2&#8243; button_bg_color_hover=&#8220;rgba(0,0,0,0)&#8220; saved_tabs=&#8220;all&#8220; locked=&#8220;off&#8220; button_text_size__hover_enabled=&#8220;off&#8220; button_one_text_size__hover_enabled=&#8220;off&#8220; button_two_text_size__hover_enabled=&#8220;off&#8220; button_text_color__hover_enabled=&#8220;on&#8220; button_text_color__hover=&#8220;#6eba01&#8243; button_one_text_color__hover_enabled=&#8220;off&#8220; button_two_text_color__hover_enabled=&#8220;off&#8220; button_border_width__hover_enabled=&#8220;off&#8220; button_one_border_width__hover_enabled=&#8220;off&#8220; button_two_border_width__hover_enabled=&#8220;off&#8220; button_border_color__hover_enabled=&#8220;on&#8220; button_border_color__hover=&#8220;#6eba01&#8243; button_one_border_color__hover_enabled=&#8220;off&#8220; button_two_border_color__hover_enabled=&#8220;off&#8220; button_border_radius__hover_enabled=&#8220;on&#8220; button_border_radius__hover=&#8220;0&#8243; button_one_border_radius__hover_enabled=&#8220;off&#8220; button_two_border_radius__hover_enabled=&#8220;off&#8220; button_letter_spacing__hover_enabled=&#8220;on&#8220; button_letter_spacing__hover=&#8220;2&#8243; button_one_letter_spacing__hover_enabled=&#8220;off&#8220; button_two_letter_spacing__hover_enabled=&#8220;off&#8220; button_bg_color__hover_enabled=&#8220;on&#8220; button_bg_color__hover=&#8220;rgba(0,0,0,0)&#8220; button_one_bg_color__hover_enabled=&#8220;off&#8220; button_two_bg_color__hover_enabled=&#8220;off&#8220;]<\/p>\n<ul>\n<li style=\"text-align: left;\">\n<h3><span style=\"font-size: large;\">Ermittlung von Materialkennwerten einschlie\u00dflich bruchmechanische Kennwerte<\/span><\/h3>\n<\/li>\n<li style=\"text-align: left;\">\n<h3><span style=\"font-size: large;\">Probeentnahme an bestehenden Bauwerken und Bestimmung von Materialkennwerten an Miniproben<\/span><\/h3>\n<\/li>\n<li style=\"text-align: left;\">\n<h3><span style=\"font-size: large;\"><strong>Statische Bauteilversuche<\/strong> <br \/><\/span><span style=\"font-size: large;\">&#8211; Statische Versuche bis 1.000 kN mit den Universalpr\u00fcfmaschinen<br \/>&#8211; Druck &amp; Zug <br \/>&#8211; Statische Versuche bis 8.000 kN &#8211; Druck <br \/><\/span><span style=\"font-size: large;\">&#8211; Statische Versuche bis 12.000 kN &#8211; Zug<\/span><\/h3>\n<\/li>\n<li style=\"text-align: left;\">\n<h3><span style=\"font-size: large;\"><strong>Erm\u00fcdungsversuche von 1 kN bis 20 MN<\/strong> <br \/>&#8211; Mehrachsige Beanspruchung <br \/>&#8211; von 1kN bis 2.000 kN, mit unterschiedlicher Schnelligkeit der Zylinder<\/span><\/h3>\n<\/li>\n<li style=\"text-align: left;\">\n<h3><span style=\"font-size: large;\"><strong>Schnellschussversuche<\/strong> bis 40kN mit 8 m\/sec<br \/><\/span><span style=\"font-size: large;\"><\/span><\/h3>\n<\/li>\n<li style=\"text-align: left;\">\n<h3><span style=\"font-size: large;\"><strong>Torsion-Tension Versuche<\/strong> 10kN Zug und Torsionsmoment.<br \/><\/span><\/h3>\n<\/li>\n<li style=\"text-align: left;\">\n<h3><span style=\"font-size: large;\">Kraft-, Weg-, Dehnungs- und Beschleunigungsmessungen im Labor und am Bauwerk<\/span><\/h3>\n<\/li>\n<li style=\"text-align: left;\">\n<h3><span style=\"font-size: large;\">Dynamische Messungen an Gesamtkonstruktionen zur Ermittlung der Eigenfrequenz und der D\u00e4mpfung<\/span><\/h3>\n<\/li>\n<li style=\"text-align: left;\">\n<h3><span style=\"font-size: large;\">Alle Arten von Versuchen an Glaskonstruktionen<\/span><\/h3>\n<\/li>\n<li style=\"text-align: left;\">\n<h3><span style=\"font-size: large;\">Untersuchen von Sch\u00e4den an st\u00e4hlernen Konstruktionen<\/span><\/h3>\n<\/li>\n<\/ul>\n<h3 style=\"text-align: left;\"><span style=\"font-size: large;\">Wir als P\u00dcZ Stelle (BAY 027) sind als verl\u00e4ngerter Arm der Baubeh\u00f6rden f\u00fcr <span style=\"color: #e02b20;\"><strong>Pr\u00fcfungen<\/strong><\/span>, f\u00fcr <span style=\"color: #e02b20;\"><strong>\u00dcberwachungen<\/strong> <\/span>und zum <span style=\"color: #e02b20;\"><strong>Zertifizieren<\/strong> <\/span>von Bauteilen, Bauprodukten, Bauarten eine zugelassene Stelle.<\/span><\/h3>\n<p>[\/et_pb_cta][\/et_pb_column][\/et_pb_row][et_pb_row column_structure=&#8220;1_2,1_2&#8243; use_custom_gutter=&#8220;on&#8220; gutter_width=&#8220;1&#8243; make_equal=&#8220;on&#8220; module_class=&#8220; et_pb_row_fullwidth&#8220; _builder_version=&#8220;4.4.6&#8243; background_size=&#8220;initial&#8220; background_position=&#8220;top_left&#8220; background_repeat=&#8220;repeat&#8220; width=&#8220;100%&#8220; width_tablet=&#8220;100%&#8220; width_phone=&#8220;&#8220; width_last_edited=&#8220;on|desktop&#8220; max_width=&#8220;100%&#8220; max_width_tablet=&#8220;100%&#8220; max_width_phone=&#8220;&#8220; max_width_last_edited=&#8220;on|desktop&#8220; custom_margin=&#8220;0px||0px|&#8220; custom_padding=&#8220;0px||0px|&#8220; animation_style=&#8220;flip&#8220; animation_direction=&#8220;right&#8220; animation_intensity_flip=&#8220;20%&#8220; make_fullwidth=&#8220;on&#8220;][et_pb_column type=&#8220;1_2&#8243; _builder_version=&#8220;4.4.2&#8243; background_position=&#8220;top_left&#8220; custom_padding=&#8220;5%|5%|1%|5%|false|false&#8220; custom_padding__hover=&#8220;|||&#8220;][et_pb_text _builder_version=&#8220;3.29.3&#8243;]<\/p>\n<h4><span style=\"color: #0c71c3; font-size: x-large;\"><strong>Wir bieten Ihnen an:<\/strong><\/span><\/h4>\n<p>[\/et_pb_text][et_pb_cta button_url=&#8220;#&#8220; admin_label=&#8220;Feature 01&#8243; _builder_version=&#8220;3.29.3&#8243; header_font=&#8220;Montserrat||||&#8220; header_text_color=&#8220;#1f1f1f&#8220; header_font_size=&#8220;36&#8243; header_line_height=&#8220;1.4em&#8220; body_font_size=&#8220;16&#8243; body_line_height=&#8220;1.9em&#8220; use_background_color=&#8220;off&#8220; custom_button=&#8220;on&#8220; button_text_size=&#8220;18&#8243; button_text_color=&#8220;#ffffff&#8220; button_bg_color=&#8220;#6eba01&#8243; button_border_color=&#8220;#6eba01&#8243; button_border_radius=&#8220;0&#8243; button_letter_spacing=&#8220;2&#8243; button_font=&#8220;Montserrat|||on|&#8220; button_use_icon=&#8220;off&#8220; text_orientation=&#8220;left&#8220; background_layout=&#8220;light&#8220; max_width=&#8220;651px&#8220; module_alignment=&#8220;left&#8220; custom_margin=&#8220;|29px||||&#8220; custom_padding=&#8220;|0px||||&#8220; animation_style=&#8220;fold&#8220; animation_direction=&#8220;bottom&#8220; animation_intensity_fold=&#8220;15%&#8220; button_text_color_hover=&#8220;#6eba01&#8243; button_border_color_hover=&#8220;#6eba01&#8243; button_border_radius_hover=&#8220;0&#8243; button_letter_spacing_hover=&#8220;2&#8243; button_bg_color_hover=&#8220;rgba(0,0,0,0)&#8220; saved_tabs=&#8220;all&#8220; locked=&#8220;off&#8220; button_text_size__hover_enabled=&#8220;off&#8220; button_one_text_size__hover_enabled=&#8220;off&#8220; button_two_text_size__hover_enabled=&#8220;off&#8220; button_text_color__hover_enabled=&#8220;on&#8220; button_text_color__hover=&#8220;#6eba01&#8243; button_one_text_color__hover_enabled=&#8220;off&#8220; button_two_text_color__hover_enabled=&#8220;off&#8220; button_border_width__hover_enabled=&#8220;off&#8220; button_one_border_width__hover_enabled=&#8220;off&#8220; button_two_border_width__hover_enabled=&#8220;off&#8220; button_border_color__hover_enabled=&#8220;on&#8220; button_border_color__hover=&#8220;#6eba01&#8243; button_one_border_color__hover_enabled=&#8220;off&#8220; button_two_border_color__hover_enabled=&#8220;off&#8220; button_border_radius__hover_enabled=&#8220;on&#8220; button_border_radius__hover=&#8220;0&#8243; button_one_border_radius__hover_enabled=&#8220;off&#8220; button_two_border_radius__hover_enabled=&#8220;off&#8220; button_letter_spacing__hover_enabled=&#8220;on&#8220; button_letter_spacing__hover=&#8220;2&#8243; button_one_letter_spacing__hover_enabled=&#8220;off&#8220; button_two_letter_spacing__hover_enabled=&#8220;off&#8220; button_bg_color__hover_enabled=&#8220;on&#8220; button_bg_color__hover=&#8220;rgba(0,0,0,0)&#8220; button_one_bg_color__hover_enabled=&#8220;off&#8220; button_two_bg_color__hover_enabled=&#8220;off&#8220;]<\/p>\n<ul>\n<li style=\"text-align: left;\">\n<h3><span style=\"font-size: medium;\">Untersuchung der Resttragf\u00e4higkeit von Gu\u00dfst\u00fctzen<\/span><\/h3>\n<\/li>\n<li>\n<h3><span style=\"font-size: medium;\">Spr\u00f6dbruchuntersuchungen an Bauteilen<br \/><\/span><\/h3>\n<\/li>\n<li>\n<h3><span style=\"font-size: medium;\">Pr\u00fcfung von Zugleitsystemen<br \/><\/span><\/h3>\n<\/li>\n<li>\n<h3><span style=\"font-size: medium;\">Pr\u00fcfung von Seilen und Dr\u00e4hten<\/span><\/h3>\n<\/li>\n<li>\n<h3><span style=\"font-size: medium;\">Durchf\u00fchrung von Verfahrenspr\u00fcfungenan geschwei\u00dften Teilen<br \/><\/span><\/h3>\n<\/li>\n<li>\n<h3><span style=\"font-size: medium;\">Durchf\u00fchrung von bauwerksbezogenenen Verfahrenspr\u00fcfungen<\/span><\/h3>\n<\/li>\n<li>\n<h3><span style=\"font-size: medium;\">Pr\u00fcfung von Lagern<\/span><\/h3>\n<\/li>\n<li>\n<h3><span style=\"font-size: medium;\">Pr\u00fcfung von Br\u00fccken\u00fcbergangskonstruktionen<\/span><\/h3>\n<\/li>\n<li>\n<h3><span style=\"font-size: medium;\"><\/span><span style=\"font-size: medium;\">Pr\u00fcfung von mechanischen Verbindungen und Verbindungsmitteln<\/span><\/h3>\n<\/li>\n<li>\n<h3><span style=\"font-size: medium;\">Pr\u00fcfung von UV-Best\u00e4ndigkeit (UV-A und UV-B)<\/span><\/h3>\n<\/li>\n<li style=\"text-align: left;\">\n<h3><span style=\"font-size: medium;\">Me\u00dfdatenanalyse<\/span><\/h3>\n<\/li>\n<li style=\"text-align: left;\">\n<h3><span style=\"font-size: medium;\">Lebensdauerberechnung<\/span><\/h3>\n<\/li>\n<li style=\"text-align: left;\">\n<h3><span style=\"font-size: medium;\">Strukturspannungsanalyse<\/span><\/h3>\n<\/li>\n<li style=\"text-align: left;\">\n<h3><span style=\"font-size: medium;\">Kerbspannungsanalyse<\/span><\/h3>\n<\/li>\n<li style=\"text-align: left;\">\n<h3><span style=\"font-size: medium;\">Sch\u00e4digungsrechnung<\/span><\/h3>\n<\/li>\n<li style=\"text-align: left;\">\n<h3><span style=\"font-size: medium;\">Bruchmechanische Berechungen inklusive zug. Kennwertermittlung<\/span><\/h3>\n<\/li>\n<li style=\"text-align: left;\">\n<h3><span style=\"font-size: medium;\">Dehnungs- und Spannungsmessungen mit DMS oder mit optischen Systemen<\/span><\/h3>\n<\/li>\n<li style=\"text-align: left;\">\n<h3><span style=\"font-size: medium;\">Ber\u00fchrungslose 3D Verformungs- und Dehnungsmessungen mit Video Extensometer<\/span><\/h3>\n<\/li>\n<li style=\"text-align: left;\">\n<h3><span style=\"font-size: medium;\">Ermittlung von Bauteilw\u00f6hlerlinien<\/span><\/h3>\n<\/li>\n<li style=\"text-align: left;\">\n<h3><span style=\"font-size: medium;\">Betriebsfestigkeitssimlation, Durchmischung der Belastungen<\/span><\/h3>\n<\/li>\n<li style=\"text-align: left;\">\n<h3><span style=\"font-size: medium;\">Servohydraulische Pr\u00fcfst\u00e4nde bis zu 5 Achsen<\/span><\/h3>\n<\/li>\n<li style=\"text-align: left;\">\n<h3><span style=\"font-size: medium;\">Hochaufl\u00f6sende W\u00e4rmebildkamera<\/span><\/h3>\n<\/li>\n<li>\n<h3><span style=\"font-size: medium;\">Verhalten von geklebten Verbindungen<br \/><\/span><\/h3>\n<\/li>\n<li>\n<h3><span style=\"font-size: medium;\">Untersuchungen zu Anisotropieverhalten von Glaselementen<br \/><\/span><\/h3>\n<\/li>\n<li>\n<h3><span style=\"font-size: medium;\">Gutachtliche Stellungnahmen zu den Bauwerken, Bausystemen &amp; Bauarten<\/span><\/h3>\n<\/li>\n<li>\n<h3><span style=\"font-size: medium;\"><\/span><span style=\"font-size: medium;\">Schwei\u00dfnaht Nachbehandlung<\/span><\/h3>\n<\/li>\n<li>\n<h3><span style=\"font-size: medium;\">Verhalten von geklebten Verbindungen<\/span><\/h3>\n<\/li>\n<\/ul>\n<p style=\"text-align: left;\">\n<p>[\/et_pb_cta][\/et_pb_column][et_pb_column type=&#8220;1_2&#8243; _builder_version=&#8220;4.4.6&#8243; use_background_color_gradient=&#8220;on&#8220; background_image=&#8220;http:\/\/test.laborsl.de\/wp-content\/uploads\/2020\/05\/LSL_Collage_01_Neu.jpg&#8220; background_position=&#8220;top_left&#8220; custom_padding=&#8220;|||&#8220; custom_padding__hover=&#8220;|||&#8220;][\/et_pb_column][\/et_pb_row][\/et_pb_section]<\/p>\n","protected":false},"excerpt":{"rendered":"<p>Ermittlung von Materialkennwerten einschlie\u00dflich bruchmechanische Kennwerte Probeentnahme an bestehenden Bauwerken und Bestimmung von Materialkennwerten an Miniproben Statische Bauteilversuche &#8211; Statische Versuche bis 1.000 kN mit den Universalpr\u00fcfmaschinen- Druck &amp; Zug &#8211; Statische Versuche bis 8.000 kN &#8211; Druck &#8211; Statische Versuche bis 12.000 kN &#8211; Zug Erm\u00fcdungsversuche von 1 kN bis 20 MN &#8211; Mehrachsige [&hellip;]<\/p>\n","protected":false},"author":1,"featured_media":0,"parent":0,"menu_order":0,"comment_status":"closed","ping_status":"closed","template":"","meta":{"_et_pb_use_builder":"on","_et_pb_old_content":"","_et_gb_content_width":"","footnotes":""},"class_list":["post-65","page","type-page","status-publish","hentry"],"_links":{"self":[{"href":"https:\/\/www.laborsl.de\/index.php?rest_route=\/wp\/v2\/pages\/65","targetHints":{"allow":["GET"]}}],"collection":[{"href":"https:\/\/www.laborsl.de\/index.php?rest_route=\/wp\/v2\/pages"}],"about":[{"href":"https:\/\/www.laborsl.de\/index.php?rest_route=\/wp\/v2\/types\/page"}],"author":[{"embeddable":true,"href":"https:\/\/www.laborsl.de\/index.php?rest_route=\/wp\/v2\/users\/1"}],"replies":[{"embeddable":true,"href":"https:\/\/www.laborsl.de\/index.php?rest_route=%2Fwp%2Fv2%2Fcomments&post=65"}],"version-history":[{"count":19,"href":"https:\/\/www.laborsl.de\/index.php?rest_route=\/wp\/v2\/pages\/65\/revisions"}],"predecessor-version":[{"id":890,"href":"https:\/\/www.laborsl.de\/index.php?rest_route=\/wp\/v2\/pages\/65\/revisions\/890"}],"wp:attachment":[{"href":"https:\/\/www.laborsl.de\/index.php?rest_route=%2Fwp%2Fv2%2Fmedia&parent=65"}],"curies":[{"name":"wp","href":"https:\/\/api.w.org\/{rel}","templated":true}]}}